of v and 27?
27
Let s(a) = 6*a - 3. Let f be s(1). Suppose w - 2*z - 26 = -0*z, f*z - 49 = -4*w. What is the highest common divisor of w and 24?
8
Let t be (-7 + (-78)/(-6))*(-11)/(-3). Calculate the greatest common divisor of 2541 and t.
11
Let y(a) be the second derivative of a**5/20 + 7*a**4/12 + 4*a**3/3 + 5*a**2/2 - 7*a. Let f be y(-5). Calculate the greatest common divisor of 75 and f.
15
Let z be (0 - -5) + (-136)/68. What is the highest common factor of z and 201?
3
Let z = 189 - 356. Let j = -77 - z. What is the highest common divisor of j and 36?
18
Suppose 70*t - 92*t + 660 = 0. What is the greatest common factor of t and 135?
15
Let s(m) = m - 6. Let j be s(9). Suppose 8*g - j*g = -5*l - 45, 3*g = 3*l - 15. Let w = g + 9. What is the highest common divisor of w and 6?
2
Let t(j) = -j**3 - 33*j**2 - 33*j - 28. Let n be t(-32). Let y = n - -172. What is the highest common divisor of y and 11?
11
Let f = 2 + 0. Let k = 0 + f. Suppose 5*l = -4*t + 107, 5*l - k*t - 3*t - 125 = 0. Calculate the highest common divisor of 92 and l.
23
Suppose 2327 - 542 = 17*m. Calculate the highest common factor of m and 1155.
105
Let u = -2068 + 2200. Suppose -3*b + b = -24. What is the greatest common factor of b and u?
12
Let r be 141 - (6/8)/((-34)/136). Calculate the greatest common divisor of r and 368.
16
Let k be 5 + (-1 + 6 + -1 - 5). Calculate the greatest common factor of k and 116.
4
Let x(k) = -k**2 - 11*k - 8. Let o = -24 + 15. Let q be x(o). Suppose -550 = -0*m - 5*m. What is the highest common factor of m and q?
10
Suppose -3*i + 5*p = -593, -3*p = -3*i - 5*p + 586. What is the greatest common factor of i and 84?
28
Let y(u) = 4*u**2 - 3*u**2 - 9*u**3 + 44*u**3 + 49*u**3. Let w be y(1). Let r(q) = -3*q - 7. Let j be r(-8). Calculate the highest common divisor of j and w.
17
Let n(h) = -h**3 - 2*h - 4. Let a be n(3). Let f = -29 - a. Calculate the greatest common factor of 24 and f.
8
Let g be ((-4)/(-3))/((-280)/(-11970)). What is the highest common divisor of g and 152?
19
Suppose 0 = -b + 3, -4*h - 2 - 196 = -2*b. Let q = -13 - h. What is the highest common divisor of q and 7?
7
Let z(j) = j**3 - 2*j**2 + 5*j - 5. Let d be z(2). Suppose -3*s = -d*t - 317, -2*t = -5*s - 6*t + 479. Calculate the highest common factor of s and 9.
9
Let u be 5/(20/(-2362))*-2*1. Suppose -5*g + 69 = -u. What is the highest common factor of g and 25?
25
Let k = 14 + -8. Let u be (-4 + 0 + k)/1. Suppose 5*f - 8 - u = 0, -46 = -2*m - 2*f. Calculate the greatest common divisor of 14 and m.
7
Let m be ((-30)/(-35))/(3/42). Let p(x) = -x**2 + 13*x + 11. Let k be p(m). Let q = 43 - k. Calculate the highest common divisor of 220 and q.
20
Suppose -4*h = -3*x - 35 + 90, 5*x = 4*h + 89. Suppose z + 0*z = 2, n - x = -z. Calculate the highest common divisor of n and 5.
5
Let w be 72/(-20)*80/(-6). Suppose 4*n = m - 8, 0 = 2*m + m - 4*n - w. What is the highest common factor of m and 60?
20
Let j be (4 - 1) + 0/2. Let g be (-1 + j - 0)/2. Let o be ((-1)/((-2)/(-44)))/(-2). What is the highest common divisor of o and g?
1
Suppose -5*i - v + 319 = 0, i + 5*v - 2*v = 75. Let g be (10 - 14)*(-21)/2. Calculate the highest common factor of g and i.
21
Let o(j) be the first derivative of -j**3/3 + 4*j**2 + 16*j - 16. Let s be o(8). Calculate the highest common factor of 4 and s.
4
Let q be 26/(18/8 + 90/(-72)). What is the greatest common divisor of 2522 and q?
26
Suppose 5*w = 4*y - y + 64, y = 2*w - 26. Suppose 0 = -12*h + w*h - 256. What is the greatest common factor of h and 16?
16
Let t = -587 + 597. Calculate the highest common divisor of t and 930.
10
Let j(f) = -f**2 - 29*f + 11. Let v be j(-15). What is the greatest common factor of v and 39?
13
Suppose 3*h + 50*s - 53*s = 99, -h + 4*s = -39. Let r(f) = 57*f - 1. Let k be r(6). What is the highest common divisor of h and k?
31
Let g be -3 + 0/2 - -5. Suppose 2*y + d - g*d = 72, 3*y - d = 107. What is the greatest common divisor of y and 245?
35
Let f be 1560/87 - 76/(-1102). Calculate the highest common divisor of f and 279.
9
Let l = 924 + -653. Suppose -l = -3*a + 2*b, 4*b = a - 53 - 44. Suppose 23 = -3*c + a. What is the highest common divisor of 33 and c?
11
Let h = -8 + 12. Suppose h*g - 54 = -6. Suppose 76*x + 3 = 77*x. Calculate the highest common divisor of g and x.
3
Let g be 7 - 7/((-14)/(-8)). Suppose -2*w = -5*s - 20, 2*w + g*w = 2*s + 50. What is the highest common divisor of 10 and w?
10
Let g be 24*(-3)/((-48)/20). Let y be g/12*(-8)/(-10). Suppose -y = c - 16. What is the highest common divisor of c and 42?
14
Let f(a) = -a - 2. Let v be f(-7). Suppose -v*s + 84 + 161 = 0. Calculate the greatest common divisor of s and 7.
7
Suppose -2*t = -0*t - 4*f - 102, -f - 183 = -4*t. Calculate the highest common divisor of t and 40.
5
Suppose -927 = -5*n + u + 6208, 0 = 4*n + 3*u - 5689. What is the highest common divisor of 46 and n?
46
Let z(q) = q**3 + 19*q**2 - 21*q - 22. Let a be z(-20). Let o be 4 + -10*(-1 + a). What is the highest common divisor of o and 51?
17
Let q = -88 + 97. Suppose -q*m + 10 = -4*m. Calculate the greatest common divisor of 22 and m.
2
Let s(l) = -179*l - 1. Let k be s(1). Let i be ((-8)/10)/(8/k). Let f be 4/(-14) + 764/28. What is the greatest common divisor of f and i?
9
Suppose 3*i = 2*u - 1071, -6*u + 4*i - 1632 = -9*u. What is the greatest common factor of 24 and u?
12
Suppose 5*f + 1 + 18 = -3*v, 0 = 3*f + 5*v + 21. Let j be (f/6)/((-11)/594). Calculate the highest common factor of 162 and j.
18
Suppose 14976 = -43*i + 67*i. Calculate the highest common factor of 72 and i.
24
Let p be 2 - (8 + -4)/(-2). Suppose -3*t - 2*t - 2*v = -114, p*t = 5*v + 78. Calculate the greatest common divisor of t and 11.
11
Suppose 0*y + 434 = 3*y + u, 5*u = -4*y + 586. Suppose 3*b - m + 32 = 4*b, -3*m = -5*b + y. Calculate the highest common divisor of 45 and b.
15
Suppose 0 = x + 2*o - 23, -3*x - 3*o - 33 = -6*x. Let d be (x/25 - 1)/((-2)/320). Calculate the highest common factor of d and 16.
16
Suppose -i + 5*b = -100, -3*i - 4*b = -4*i + 100. Let o = -45 - -125. Suppose 2*l + o = 6*l. Calculate the greatest common divisor of l and i.
20
Let c = -626 + 990. Calculate the highest common factor of 56 and c.
28
Let s(q) = -36*q**3 - q**2 - q - 1. Let r be s(-1). Let k(z) = 2*z**2 + 48*z + 95. Let w be k(-22). Calculate the highest common divisor of r and w.
7
Let n(b) = b**2 - b - 12. Let k be n(3). Let j(o) = -o**3 - 7*o**2 - 14*o - 8. Let s be j(k). What is the highest common factor of s and 100?
20
Suppose 2*g - 52 = -2*x, 5*g - 2*x - 32 = 77. Calculate the greatest common divisor of 989 and g.
23
Let x(v) = -v**3 + 3*v**2 - 6*v - 42. Let o be x(-5). What is the greatest common divisor of o and 4?
4
Let h = 20 + -4. Suppose 0*o - 2*q = -2*o + 4832, o = 2*q + 2412. Let u be (-4)/3 + o/15. Calculate the highest common divisor of u and h.
16
Let v = -596 + 629. What is the greatest common divisor of 3 and v?
3
Let p = -11 + 19. Let t = -43 + 67. Suppose 4*d - t = -p. Calculate the highest common factor of 8 and d.
4
Suppose -10 = 5*d, 2*r + 2*r + d - 254 = 0. What is the greatest common factor of r and 3?
1
Let m = 15 - 8. Let g = 9 - m. Suppose 0 = g*y + y - 66. Calculate the greatest common divisor of 33 and y.
11
Let z be ((-3)/(45/48))/((-66)/3135). Calculate the highest common divisor of 133 and z.
19
Let p(o) = 4 - 5 + 6*o**2 - 1 - 7*o**2 + 15*o. Let d be p(7). Let f be 3/(5 - 2) - -5. What is the greatest common factor of f and d?
6
Suppose -n = -q + 25, 3*n + 50 = -q + 3*q. Calculate the highest common factor of q and 1675.
25
Let g be 2212/16 - 2 - (-5)/(-20). Calculate the greatest common divisor of g and 170.
34
Let g be 25*((-9)/5 + 3). Let a = g - 12. Let j be 189/a - 2/4. Calculate the highest common divisor of 80 and j.
10
Let o = -55 + 65. Suppose 5 + o = b - l, 0 = 2*b - 5*l - 36. What is the highest common factor of 91 and b?
13
Let d(m) = -2*m - 12 - 43 + 5 - 3*m. Let u be d(-13). Calculate the highest common factor of 120 and u.
15
Let s be ((-2)/(-2)*-2)/((-2)/(-3)). Let c be ((-1)/s)/((-3)/(-171)). Let y(z) = -94*z + 1. Let p be y(-1). Calculate the highest common divisor of p and c.
19
Let j be 15*((-138)/(-70) + 9/21). Let u(m) = -73*m - 2. Let w be u(-2). Calculate the 